alculate the highest common divisor of 2172 and 78436.
4
Calculate the highest common factor of 36551400 and 14100.
300
What is the highest common factor of 81 and 2355237?
81
What is the highest common divisor of 2502 and 23326146?
2502
Calculate the highest common divisor of 4589187 and 18184.
2273
Calculate the greatest common factor of 5136 and 8412.
12
Calculate the highest common divisor of 8799 and 76203111.
1257
Calculate the highest common factor of 68183445 and 825.
165
What is the highest common factor of 70337 and 8324479?
1901
What is the greatest common factor of 1785036336 and 6184?
6184
Calculate the greatest common divisor of 22178268 and 231.
21
What is the highest common factor of 377883 and 219651?
1041
Calculate the greatest common divisor of 6331 and 4458363.
13
Calculate the highest common divisor of 2519 and 346924237.
2519
Calculate the highest common factor of 142894 and 142228.
74
What is the greatest common divisor of 144728 and 197816?
632
What is the highest common divisor of 812 and 32924?
4
What is the greatest common divisor of 159 and 2599332?
159
What is the greatest common divisor of 23085892 and 321?
107
What is the greatest common divisor of 1824 and 79886488?
152
What is the highest common divisor of 39 and 102313991?
13
What is the greatest common divisor of 385595 and 754285?
805
What is the highest common divisor of 14343 and 34978479?
2049
What is the greatest common divisor of 60 and 668020?
20
What is the highest common divisor of 116975482 and 6461?
923
Calculate the highest common divisor of 498 and 8627186.
166
What is the highest common divisor of 300 and 6011175?
75
What is the highest common factor of 163877 and 27783147?
3997
Calculate the greatest common factor of 1036210 and 1206275.
3955
What is the greatest common divisor of 100350 and 8019972?
4014
Calculate the greatest common factor of 16 and 2847.
1
Calculate the highest common divisor of 8266321 and 49.
7
What is the highest common factor of 2346480 and 480?
240
What is the highest common factor of 6492 and 165422652?
6492
Calculate the highest common divisor of 4244 and 15738874.
2122
What is the highest common factor of 42366979 and 2846?
1423
What is the greatest common factor of 5583000 and 1200?
600
Calculate the highest common divisor of 16842164 and 1012.
92
Calculate the highest common factor of 2274107 and 25432.
187
What is the highest common factor of 843990823 and 442?
221
What is the greatest common factor of 98214 and 37908?
6
Calculate the greatest common divisor of 1953 and 1146349.
31
Calculate the highest common divisor of 36366 and 24034620.
3306
Calculate the highest common factor of 84024 and 60519064.
3112
What is the highest common divisor of 870638 and 98158?
34
What is the greatest common factor of 1662665 and 45965?
1585
Calculate the highest common factor of 51301507 and 34411.
2647
What is the highest common divisor of 28272 and 18148857?
1767
What is the greatest common divisor of 6764307 and 165?
33
What is the highest common divisor of 35776939 and 11?
11
What is the highest common factor of 4748 and 767094002?
2374
What is the greatest common factor of 30176 and 82575968?
1312
Calculate the greatest common factor of 16168803 and 168.
21
What is the greatest common divisor of 124047 and 4362204?
231
Calculate the highest common divisor of 78 and 129738.
6
What is the greatest common factor of 12025 and 7348718?
481
Calculate the greatest common factor of 136979081 and 5931.
659
Calculate the greatest common divisor of 1158 and 4837704.
6
What is the greatest common divisor of 12 and 8067723?
3
Calculate the greatest common divisor of 6968 and 1879189.
13
What is the greatest common factor of 31409 and 663435?
641
Calculate the highest common factor of 156044640 and 80.
80
Calculate the greatest common divisor of 17999 and 1733172.
439
Calculate the highest common factor of 252484 and 181764.
68
What is the greatest common divisor of 98348178 and 6360?
318
Calculate the highest common factor of 35897774 and 44.
22
Calculate the highest common factor of 3072 and 498944.
256
Calculate the greatest common factor of 379 and 32806619.
379
What is the highest common divisor of 71473752 and 189?
189
Calculate the highest common factor of 55675 and 6411125.
425
What is the greatest common factor of 2057 and 53986812?
121
Calculate the greatest common factor of 208 and 26877812.
52
Calculate the greatest common factor of 2294677 and 68068.
1309
Calculate the greatest common divisor of 18 and 12988737.
9
What is the greatest common divisor of 61925339 and 476?
119
What is the highest common factor of 4928 and 9630544?
1232
What is the greatest common divisor of 99 and 4636687?
11
Calculate the highest common divisor of 113 and 12049981.
113
Calculate the highest common factor of 496289200 and 550.
550
Calculate the highest common divisor of 234 and 8713836.
18
Calculate the greatest common divisor of 88303740 and 238.
14
Calculate the greatest common divisor of 10854308 and 4.
4
Calculate the greatest common factor of 7101 and 20263361.
263
Calculate the greatest common factor of 24794 and 418724614.
3542
Calculate the highest common factor of 171 and 115968.
3
What is the highest common factor of 2743145 and 5585?
5
Calculate the greatest common divisor of 30455912 and 228100.
9124
Calculate the highest common factor of 22 and 1925575619.
11
What is the greatest common factor of 954615 and 736575?
345
Calculate the greatest common factor of 686714 and 36200.
362
Calculate the greatest common divisor of 3292485 and 5397.
21
Calculate the greatest common factor of 425 and 1034575.
25
Calculate the highest common factor of 375615 and 2914905.
255
What is the greatest common divisor of 227 and 25800139?
227
Calculate the greatest common divisor of 14949 and 94485834.
1359
Calculate the greatest common divisor of 4881624 and 36.
12
What is the greatest common factor of 6828 and 1084774602?
3414
What is the greatest common factor of 27815 and 3085?
5
What is the greatest common factor of 1169448 and 205800?
168
Calculate the greatest common divisor of 6943 and 69112.
53
Calculate the highest common factor of 10183680 and 221340.
1020
Calculate the highest common divisor of 11440968 and 123.
123
What is the greatest common factor of 170473220 and 80?
20
What is the highest common factor of 530687 and 34338?
97
Calculate the greatest common factor of 3931576 and 3784.
3784
Calculate the highest common divisor of 41682954 and 100164.
2946
What is the highest common factor of 532 and 43188748?
76
Calculate the greatest common factor of 231 and 3973101.
33
Calculate the highest common divisor of 348920 and 31746.
286
What is the greatest common factor of 69539951 and 169?
169
Calculate the greatest common factor of 1169 and 410016229.
1169
What is the greatest common factor of 165855445 and 245?
245
Calculate the greatest common divisor of 24328497 and 3.
3
Calculate the greatest common factor of 50649817 and 1285.
257
What is the greatest common divisor of 2186284 and 7052?
164
Calculate the highest common factor of 26 and 2626429.
13
Calculate the greatest common divisor of 35790663 and 41.
41
What is the greatest common factor of 3528 and 891261?
441
What is the greatest common factor of 9298919 and 140?
7
What is the highest common divisor of 61451005 and 5038?
2519
Calculate the greatest common divisor of 351 and 533493.
27
Calculate the greatest common divisor of 3162 and 114688344.
186
Calculate the highest common divisor of 9808 and 1405609.
613
What is the greatest common divisor of 87537297 and 354?
177
Calculate the greatest common factor of 1265845 and 1762375.
3065
Calculate the highest common factor of 4522440 and 145.
5
What is the greatest common divisor of 3560 and 2562844?
356
Calculate the highest common divisor of 453708 and 972.
108
Calculate the highest common divisor of 3843439 and 135682.
379
Calculate the greatest common factor of 165501332 and 181.
181
What is the highest common divisor of 30331 and 327451?
619
Calculate the greatest common factor of 44681437 and 1.
1
What is the highest common factor of 1800366168 and 62?
62
Calculate the highest common factor of 224 and 88230352.
112
What is